{"id":154,"date":"2025-03-28T18:55:31","date_gmt":"2025-03-28T18:55:31","guid":{"rendered":"https:\/\/spfie.pt\/wordpress\/?page_id=154"},"modified":"2026-04-29T09:32:06","modified_gmt":"2026-04-29T09:32:06","slug":"publications","status":"publish","type":"page","link":"https:\/\/spfie.pt\/index.php\/publications\/","title":{"rendered":"Publications"},"content":{"rendered":"\n<div id=\"wp-block-themeisle-blocks-advanced-columns-02bb7c0d\" class=\"wp-block-themeisle-blocks-advanced-columns has-1-columns has-desktop-equal-layout has-tablet-equal-layout has-mobile-equal-layout has-vertical-unset\"><div class=\"wp-block-themeisle-blocks-advanced-columns-overlay\"><\/div><div class=\"innerblocks-wrap\">\n<div id=\"wp-block-themeisle-blocks-advanced-column-2b6b4e84\" class=\"wp-block-themeisle-blocks-advanced-column\">\n<h1 class=\"wp-block-heading has-text-align-center\">Conference proceedings<\/h1>\n\n\n\n<div id=\"wp-block-themeisle-blocks-advanced-columns-d28e656b\" class=\"wp-block-themeisle-blocks-advanced-columns has-2-columns has-desktop-twoOne-layout has-tablet-equal-layout has-mobile-collapsedRows-layout has-vertical-unset\"><div class=\"wp-block-themeisle-blocks-advanced-columns-overlay\"><\/div><div class=\"innerblocks-wrap\">\n<div id=\"wp-block-themeisle-blocks-advanced-column-53b272d9\" class=\"wp-block-themeisle-blocks-advanced-column\">\n<h2 class=\"wp-block-heading\">PCF2026 &#8211; Portuguese Conference on Fracture<\/h2>\n\n\n\n<h3 class=\"wp-block-heading\">Abstracts Book<\/h3>\n\n\n\n<p><strong>ISBN<\/strong>: <strong>978-972-752-357-3<\/strong><br>Ab\u00edlio de Jesus, Jos\u00e9 Correia, Paulo Tavares, Pedro Moreira, Rita Dantas, Ricardo Cl\u00e1udio, Rog\u00e9rio Lopes (eds)<\/p>\n\n\n\n<p>This volume gathers the abstracts of the contributions presented at the 2026 edition of the Portuguese Conference on Fracture (PCF2026), hosted at INEGI \u2013 Institute of Science and Innovation in Mechanical and Industrial Engineering, in collaboration with the Faculty of Engineering of the University of Porto (FEUP), from March 30 to 31, 2026.<br><\/p>\n\n\n\n<div class=\"wp-block-file\"><a id=\"wp-block-file--media-a9eb01aa-0824-4152-a133-8cbafdadc808\" href=\"https:\/\/spfie.pt\/wp-content\/uploads\/2026\/04\/Livro_Abstracts_Final.pdf\" target=\"_blank\" rel=\"noreferrer noopener\">Livro_Abstracts_Final<\/a><a href=\"https:\/\/spfie.pt\/wp-content\/uploads\/2026\/04\/Livro_Abstracts_Final.pdf\" class=\"wp-block-file__button wp-element-button\" download aria-describedby=\"wp-block-file--media-a9eb01aa-0824-4152-a133-8cbafdadc808\">Download<\/a><\/div>\n<\/div>\n\n\n\n<div id=\"wp-block-themeisle-blocks-advanced-column-070992ff\" class=\"wp-block-themeisle-blocks-advanced-column\">\n<figure class=\"wp-block-image size-full\"><img loading=\"lazy\" decoding=\"async\" width=\"1208\" height=\"1725\" src=\"https:\/\/spfie.pt\/wp-content\/uploads\/2026\/04\/PCF2026_AbstractBookFrontPage.png\" alt=\"\" class=\"wp-image-631\" srcset=\"https:\/\/spfie.pt\/wp-content\/uploads\/2026\/04\/PCF2026_AbstractBookFrontPage.png 1208w, https:\/\/spfie.pt\/wp-content\/uploads\/2026\/04\/PCF2026_AbstractBookFrontPage-210x300.png 210w, https:\/\/spfie.pt\/wp-content\/uploads\/2026\/04\/PCF2026_AbstractBookFrontPage-717x1024.png 717w, https:\/\/spfie.pt\/wp-content\/uploads\/2026\/04\/PCF2026_AbstractBookFrontPage-768x1097.png 768w, https:\/\/spfie.pt\/wp-content\/uploads\/2026\/04\/PCF2026_AbstractBookFrontPage-1076x1536.png 1076w\" sizes=\"auto, (max-width: 1208px) 100vw, 1208px\" \/><\/figure>\n<\/div>\n<\/div><\/div>\n\n\n\n<div style=\"height:20px\" aria-hidden=\"true\" class=\"wp-block-spacer\"><\/div>\n\n\n\n<div id=\"wp-block-themeisle-blocks-advanced-columns-41afb866\" class=\"wp-block-themeisle-blocks-advanced-columns has-2-columns has-desktop-oneTwo-layout has-tablet-equal-layout has-mobile-collapsedRows-layout has-vertical-unset\"><div class=\"wp-block-themeisle-blocks-advanced-columns-overlay\"><\/div><div class=\"innerblocks-wrap\">\n<div id=\"wp-block-themeisle-blocks-advanced-column-d6c607f8\" class=\"wp-block-themeisle-blocks-advanced-column\">\n<figure class=\"wp-block-image size-full\"><img loading=\"lazy\" decoding=\"async\" width=\"560\" height=\"793\" src=\"https:\/\/spfie.pt\/wp-content\/uploads\/2025\/03\/RevistaMecanicaFractura_GEF_Vol3.png\" alt=\"\" class=\"wp-image-260\" srcset=\"https:\/\/spfie.pt\/wp-content\/uploads\/2025\/03\/RevistaMecanicaFractura_GEF_Vol3.png 560w, https:\/\/spfie.pt\/wp-content\/uploads\/2025\/03\/RevistaMecanicaFractura_GEF_Vol3-212x300.png 212w\" sizes=\"auto, (max-width: 560px) 100vw, 560px\" \/><\/figure>\n<\/div>\n\n\n\n<div id=\"wp-block-themeisle-blocks-advanced-column-f1f8b6aa\" class=\"wp-block-themeisle-blocks-advanced-column\">\n<h2 class=\"wp-block-heading\">5th Iberian Conference on Structural Integrity<\/h2>\n\n\n\n<h3 class=\"wp-block-heading\">Revista Espa\u00f1ola de MEC\u00c1NICA DE LA FRACTURA<\/h3>\n\n\n\n<p>ISSN: 2792-4246<\/p>\n\n\n\n<p>Esta edici\u00f3n de la REVISTA ESPA\u00d1OLA DE MEC\u00c1NICA DE LA FRACTURA contiene los textos de las comunicaciones presentadas la 5th Iberian Conference on Structural Integrity que corresponde con el 38 Congreso del Grupo Espa\u00f1ol de Fractura GEF2022 celebrado en Coimbra, Portugal del 30 de marzo al 1 de abril de 2022. Todos los textos de dichas ponencias se encuentran publicados en los vol\u00famenes 3 y 4 de la dicha revista.<\/p>\n\n\n\n<p><a href=\"https:\/\/gef.es\/publicaciones\" data-type=\"link\" data-id=\"https:\/\/gef.es\/publicaciones\">Revista de Mec\u00e1nica de la Fractura, Vol. 3 e Vol. 4 <\/a><\/p>\n<\/div>\n<\/div><\/div>\n\n\n\n<div style=\"height:50px\" aria-hidden=\"true\" class=\"wp-block-spacer\"><\/div>\n\n\n\n<div id=\"wp-block-themeisle-blocks-advanced-columns-f4e66358\" class=\"wp-block-themeisle-blocks-advanced-columns has-2-columns has-desktop-twoOne-layout has-tablet-equal-layout has-mobile-collapsedRows-layout has-vertical-unset\"><div class=\"wp-block-themeisle-blocks-advanced-columns-overlay\"><\/div><div class=\"innerblocks-wrap\">\n<div id=\"wp-block-themeisle-blocks-advanced-column-765d84b5\" class=\"wp-block-themeisle-blocks-advanced-column\">\n<h2 class=\"wp-block-heading\">PCF2024 &#8211; Portuguese Conference on Fracture<\/h2>\n\n\n\n<h3 class=\"wp-block-heading\">Abstracts Book<\/h3>\n\n\n\n<p><strong>ISBN<\/strong>: <strong>978-989-35618-0-5<\/strong><br>Ricardo Baptista e Ricardo Cl\u00e1udio (eds)<\/p>\n\n\n\n<p>This book compiles abstracts from all the works presented in the 2024 Portuguese conference on Fracture, held in the School of Technology of Set\u00fabal &#8211; Polytechnic Institute of Set\u00fabal, from February 1 to 2, 2024. This conference is organized usually each couple of years by the Portuguese Structural Integrity Society since 2020. In 2004, the same conference was organized at the Campus of the Polytechnic Institute of Set\u00fabal, where it returns again, after 20 years.<\/p>\n\n\n\n<div class=\"wp-block-file\"><a id=\"wp-block-file--media-4be87349-00c0-4e5e-a642-2611b59fd076\" href=\"https:\/\/spfie.pt\/wp-content\/uploads\/2025\/03\/PCF2024-AbstractsBook_Final.pdf\" target=\"_blank\" rel=\"noreferrer noopener\">PCF2024 &#8211; AbstractsBook_Final<\/a><a href=\"https:\/\/spfie.pt\/wp-content\/uploads\/2025\/03\/PCF2024-AbstractsBook_Final.pdf\" class=\"wp-block-file__button wp-element-button\" download aria-describedby=\"wp-block-file--media-4be87349-00c0-4e5e-a642-2611b59fd076\">Download<\/a><\/div>\n<\/div>\n\n\n\n<div id=\"wp-block-themeisle-blocks-advanced-column-0ed60175\" class=\"wp-block-themeisle-blocks-advanced-column\">\n<figure class=\"wp-block-image size-full\"><img loading=\"lazy\" decoding=\"async\" width=\"557\" height=\"782\" src=\"https:\/\/spfie.pt\/wp-content\/uploads\/2025\/03\/PCF2024_Abstracts.png\" alt=\"\" class=\"wp-image-254\" srcset=\"https:\/\/spfie.pt\/wp-content\/uploads\/2025\/03\/PCF2024_Abstracts.png 557w, https:\/\/spfie.pt\/wp-content\/uploads\/2025\/03\/PCF2024_Abstracts-214x300.png 214w\" sizes=\"auto, (max-width: 557px) 100vw, 557px\" \/><\/figure>\n<\/div>\n<\/div><\/div>\n\n\n\n<div style=\"height:20px\" aria-hidden=\"true\" class=\"wp-block-spacer\"><\/div>\n<\/div>\n<\/div><\/div>\n\n\n\n<div id=\"wp-block-themeisle-blocks-advanced-columns-00fc2dbb\" class=\"wp-block-themeisle-blocks-advanced-columns has-1-columns has-desktop-equal-layout has-tablet-equal-layout has-mobile-equal-layout has-vertical-unset\"><div class=\"wp-block-themeisle-blocks-advanced-columns-overlay\"><\/div><div class=\"innerblocks-wrap\">\n<div id=\"wp-block-themeisle-blocks-advanced-column-9bc906d0\" class=\"wp-block-themeisle-blocks-advanced-column\">\n<h1 id=\"wp-block-themeisle-blocks-advanced-heading-3eeea7f2\" class=\"wp-block-themeisle-blocks-advanced-heading wp-block-themeisle-blocks-advanced-heading-3eeea7f2\">Special Issues<\/h1>\n\n\n\n<div id=\"wp-block-themeisle-blocks-advanced-columns-81de7253\" class=\"wp-block-themeisle-blocks-advanced-columns has-2-columns has-desktop-oneTwo-layout has-tablet-equal-layout has-mobile-collapsedRows-layout has-vertical-unset\"><div class=\"wp-block-themeisle-blocks-advanced-columns-overlay\"><\/div><div class=\"innerblocks-wrap\">\n<div id=\"wp-block-themeisle-blocks-advanced-column-9d5db790\" class=\"wp-block-themeisle-blocks-advanced-column\">\n<p><\/p>\n<\/div>\n\n\n\n<div id=\"wp-block-themeisle-blocks-advanced-column-8da43295\" class=\"wp-block-themeisle-blocks-advanced-column\">\n<p><\/p>\n<\/div>\n<\/div><\/div>\n\n\n\n<div style=\"height:50px\" aria-hidden=\"true\" class=\"wp-block-spacer\"><\/div>\n<\/div>\n<\/div><\/div>\n\n\n\n<div id=\"wp-block-themeisle-blocks-advanced-columns-f3bf929f\" class=\"wp-block-themeisle-blocks-advanced-columns has-1-columns has-desktop-equal-layout has-tablet-equal-layout has-mobile-equal-layout has-vertical-unset\"><div class=\"wp-block-themeisle-blocks-advanced-columns-overlay\"><\/div><div class=\"innerblocks-wrap\">\n<div id=\"wp-block-themeisle-blocks-advanced-column-a9556a64\" class=\"wp-block-themeisle-blocks-advanced-column\">\n<h1 class=\"wp-block-heading has-text-align-center\">Journals affiliated with SPFIE<\/h1>\n\n\n\n<div id=\"wp-block-themeisle-blocks-advanced-columns-d5496cae\" class=\"wp-block-themeisle-blocks-advanced-columns has-2-columns has-desktop-twoOne-layout has-tablet-equal-layout has-mobile-collapsedRows-layout has-vertical-unset\"><div class=\"wp-block-themeisle-blocks-advanced-columns-overlay\"><\/div><div class=\"innerblocks-wrap\">\n<div id=\"wp-block-themeisle-blocks-advanced-column-c7c42dce\" class=\"wp-block-themeisle-blocks-advanced-column\">\n<h2 class=\"wp-block-heading\">Springer Book Series<\/h2>\n\n\n\n<p><strong>Electronic ISSN <\/strong>2522-5618<br>Ab\u00edlio M.P. de Jesus<\/p>\n\n\n\n<p>The&nbsp;<em>Structural Integrity<\/em>&nbsp;book series is a high level academic and professional series publishing research on all areas of Structural Integrity. It promotes and expedites the dissemination of new research results and tutorial views in the structural integrity field. The Series publishes research monographs, professional books, handbooks, edited volumes and textbooks with worldwide distribution to engineers, researchers, educators, professionals and libraries.<\/p>\n\n\n\n<div class=\"wp-block-buttons is-layout-flex wp-block-buttons-is-layout-flex\">\n<div class=\"wp-block-button\"><a class=\"wp-block-button__link wp-element-button\" href=\"https:\/\/www.springer.com\/series\/15775\">Springer Book Series<\/a><\/div>\n<\/div>\n<\/div>\n\n\n\n<div id=\"wp-block-themeisle-blocks-advanced-column-52a0fb82\" class=\"wp-block-themeisle-blocks-advanced-column\">\n<figure class=\"wp-block-image size-full\"><img loading=\"lazy\" decoding=\"async\" width=\"257\" height=\"388\" src=\"https:\/\/spfie.pt\/wp-content\/uploads\/2025\/03\/2020_cover_Struct_Integr.jpg\" alt=\"\" class=\"wp-image-265\" srcset=\"https:\/\/spfie.pt\/wp-content\/uploads\/2025\/03\/2020_cover_Struct_Integr.jpg 257w, https:\/\/spfie.pt\/wp-content\/uploads\/2025\/03\/2020_cover_Struct_Integr-199x300.jpg 199w\" sizes=\"auto, (max-width: 257px) 100vw, 257px\" \/><\/figure>\n<\/div>\n<\/div><\/div>\n\n\n\n<div style=\"height:50px\" aria-hidden=\"true\" class=\"wp-block-spacer\"><\/div>\n\n\n\n<div id=\"wp-block-themeisle-blocks-advanced-columns-28945995\" class=\"wp-block-themeisle-blocks-advanced-columns has-2-columns has-desktop-oneTwo-layout has-tablet-equal-layout has-mobile-collapsedRows-layout has-vertical-unset\"><div class=\"wp-block-themeisle-blocks-advanced-columns-overlay\"><\/div><div class=\"innerblocks-wrap\">\n<div id=\"wp-block-themeisle-blocks-advanced-column-23506edd\" class=\"wp-block-themeisle-blocks-advanced-column\">\n<figure class=\"wp-block-image size-full is-resized\"><img loading=\"lazy\" decoding=\"async\" width=\"244\" height=\"336\" src=\"https:\/\/spfie.pt\/wp-content\/uploads\/2025\/03\/IJSI.png\" alt=\"\" class=\"wp-image-267\" style=\"width:300px\" srcset=\"https:\/\/spfie.pt\/wp-content\/uploads\/2025\/03\/IJSI.png 244w, https:\/\/spfie.pt\/wp-content\/uploads\/2025\/03\/IJSI-218x300.png 218w\" sizes=\"auto, (max-width: 244px) 100vw, 244px\" \/><\/figure>\n<\/div>\n\n\n\n<div id=\"wp-block-themeisle-blocks-advanced-column-18b39255\" class=\"wp-block-themeisle-blocks-advanced-column\">\n<h2 class=\"wp-block-heading\"><em>International Journal of Structural Integrity&nbsp;(IJSI)<\/em><\/h2>\n\n\n\n<h3 class=\"wp-block-heading\"><strong>ISSN:<\/strong>&nbsp;1757-9864<\/h3>\n\n\n\n<p><em>International Journal of Structural Integrity&nbsp;(IJSI)&nbsp;<\/em>aims to bring together academic and industrial research in the area of Damage Tolerance Design and structural integrity. Works published in the journal reflect extensive and expensive research projects and usually have the quality control of large research centres and manufacturers.<\/p>\n\n\n\n<p>The journal encourages papers that encapsulates trends and problems usually not present in tradition research. In its unique conceptualisation, the journal brings together the key players governing the sectors of universities, research institutes, the manufacturing industry, legislative bodies, SMEs, consultancy companies and maintenance companies.<\/p>\n\n\n\n<div class=\"wp-block-buttons is-layout-flex wp-block-buttons-is-layout-flex\">\n<div class=\"wp-block-button\"><a class=\"wp-block-button__link wp-element-button\" href=\"https:\/\/www.emeraldgrouppublishing.com\/journal\/ijsi\">IJSI<\/a><\/div>\n<\/div>\n<\/div>\n<\/div><\/div>\n\n\n\n<div style=\"height:50px\" aria-hidden=\"true\" class=\"wp-block-spacer\"><\/div>\n\n\n\n<div id=\"wp-block-themeisle-blocks-advanced-columns-b433dcc5\" class=\"wp-block-themeisle-blocks-advanced-columns has-2-columns has-desktop-twoOne-layout has-tablet-equal-layout has-mobile-collapsedRows-layout has-vertical-unset\"><div class=\"wp-block-themeisle-blocks-advanced-columns-overlay\"><\/div><div class=\"innerblocks-wrap\">\n<div id=\"wp-block-themeisle-blocks-advanced-column-3cca6480\" class=\"wp-block-themeisle-blocks-advanced-column\">\n<h2 class=\"wp-block-heading\">ESIS Publishing House<\/h2>\n\n\n\n<p>ESIS Publishing House (ESIS &#8211; PH) allows to ESIS (European Structural Integrity Society) members to publish Monographies and Scholarly Editions (either in English or in one of the National European languages), edited volumes and special technical publications. All the volumes are published as &#8220;Open Access&#8221; volumes, being completely free of charge both for authors and for readers.&nbsp;<\/p>\n\n\n\n<div class=\"wp-block-buttons is-layout-flex wp-block-buttons-is-layout-flex\">\n<div class=\"wp-block-button\"><a class=\"wp-block-button__link wp-element-button\" href=\"https:\/\/www.esis-ph.eu\/index.php\/eph\">ESIS &#8211; PH<\/a><\/div>\n<\/div>\n<\/div>\n\n\n\n<div id=\"wp-block-themeisle-blocks-advanced-column-64842ac4\" class=\"wp-block-themeisle-blocks-advanced-column\">\n<figure class=\"wp-block-image size-full\"><img loading=\"lazy\" decoding=\"async\" width=\"468\" height=\"263\" src=\"https:\/\/spfie.pt\/wp-content\/uploads\/2025\/03\/image-1.png\" alt=\"\" class=\"wp-image-158\" srcset=\"https:\/\/spfie.pt\/wp-content\/uploads\/2025\/03\/image-1.png 468w, https:\/\/spfie.pt\/wp-content\/uploads\/2025\/03\/image-1-300x169.png 300w\" sizes=\"auto, (max-width: 468px) 100vw, 468px\" \/><\/figure>\n<\/div>\n<\/div><\/div>\n<\/div>\n<\/div><\/div>\n","protected":false},"excerpt":{"rendered":"","protected":false},"author":1,"featured_media":312,"parent":0,"menu_order":0,"comment_status":"closed","ping_status":"closed","template":"","meta":{"_themeisle_gutenberg_block_has_review":false,"footnotes":""},"class_list":["post-154","page","type-page","status-publish","has-post-thumbnail","hentry"],"_links":{"self":[{"href":"https:\/\/spfie.pt\/index.php\/wp-json\/wp\/v2\/pages\/154","targetHints":{"allow":["GET"]}}],"collection":[{"href":"https:\/\/spfie.pt\/index.php\/wp-json\/wp\/v2\/pages"}],"about":[{"href":"https:\/\/spfie.pt\/index.php\/wp-json\/wp\/v2\/types\/page"}],"author":[{"embeddable":true,"href":"https:\/\/spfie.pt\/index.php\/wp-json\/wp\/v2\/users\/1"}],"replies":[{"embeddable":true,"href":"https:\/\/spfie.pt\/index.php\/wp-json\/wp\/v2\/comments?post=154"}],"version-history":[{"count":12,"href":"https:\/\/spfie.pt\/index.php\/wp-json\/wp\/v2\/pages\/154\/revisions"}],"predecessor-version":[{"id":632,"href":"https:\/\/spfie.pt\/index.php\/wp-json\/wp\/v2\/pages\/154\/revisions\/632"}],"wp:featuredmedia":[{"embeddable":true,"href":"https:\/\/spfie.pt\/index.php\/wp-json\/wp\/v2\/media\/312"}],"wp:attachment":[{"href":"https:\/\/spfie.pt\/index.php\/wp-json\/wp\/v2\/media?parent=154"}],"curies":[{"name":"wp","href":"https:\/\/api.w.org\/{rel}","templated":true}]}}